le of 30?
True
Does 44 divide 55428736?
True
Is 8 a factor of 506970578?
False
Is 139 a factor of 21148121?
False
Is 445765 a multiple of 53?
False
Is 60 a factor of 489575760?
True
Is 335433056 a multiple of 32?
True
Is 26 a factor of 187724651?
False
Does 12 divide 6073548?
True
Does 21 divide 10738716?
False
Is 561511340 a multiple of 24?
False
Is 57386219 a multiple of 745?
False
Is 360 a factor of 89022166?
False
Does 41 divide 179584791?
False
Does 4 divide 4617416?
True
Is 119552543 a multiple of 18?
False
Is 115 a factor of 1278026516?
False
Is 133 a factor of 35102823?
True
Does 2343 divide 424049246?
False
Is 1432 a factor of 3295104560?
False
Is 75 a factor of 526912020?
False
Is 99 a factor of 186238008?
True
Is 12304643 a multiple of 696?
False
Is 93 a factor of 134325369?
False
Is 758560 a multiple of 880?
True
Is 7 a factor of 8326213?
True
Does 3 divide 76749615?
True
Is 832 a factor of 389283395?
False
Is 16 a factor of 16399556?
False
Does 186 divide 278856966?
True
Is 16 a factor of 3420421433?
False
Does 7 divide 7360395?
True
Is 37416212 a multiple of 2?
True
Is 3321852430 a multiple of 62?
True
Is 2500 a factor of 14847500?
True
Is 38162547 a multiple of 4?
False
Is 17373374 a multiple of 8?
False
Is 1390 a factor of 138745602?
False
Does 89 divide 139434609?
True
Does 4874 divide 840311718?
True
Does 933 divide 673385807?
False
Does 80 divide 473179892?
False
Does 33 divide 83301603?
True
Does 19 divide 19786315?
True
Does 4 divide 4434602?
False
Does 6 divide 26150076?
True
Does 67 divide 37710432?
False
Is 181809574 a multiple of 2938?
False
Is 98465285 a multiple of 305?
True
Does 47 divide 822634373?
True
Does 2 divide 650571544?
True
Is 27041658 a multiple of 6?
True
Is 111837040 a multiple of 190?
True
Is 694 a factor of 54342282?
True
Is 243 a factor of 16132072?
False
Is 1007 a factor of 5083336?
True
Is 68 a factor of 25189423?
False
Is 410316318 a multiple of 51?
True
Is 81109600 a multiple of 1760?
True
Is 216280530 a multiple of 10?
True
Does 101 divide 821892361?
False
Is 347247414 a multiple of 830?
False
Is 39801363 a multiple of 1302?
False
Is 987509460 a multiple of 6?
True
Is 69065385 a multiple of 29?
True
Is 46876405 a multiple of 735?
False
Is 306305797 a multiple of 1350?
False
Is 55 a factor of 7622670?
True
Is 20 a factor of 204613388?
False
Is 26304210 a multiple of 10?
True
Is 450027145 a multiple of 117?
False
Does 499 divide 3336866393?
True
Is 9503769 a multiple of 291?
True
Does 10 divide 1368901980?
True
Is 3467515884 a multiple of 57?
True
Does 71 divide 1310925980?
False
Does 24 divide 38749056?
True
Is 1720479448 a multiple of 70?
False
Is 874024763 a multiple of 4756?
False
Does 5 divide 355995355?
True
Is 4577 a factor of 3220075118?
True
Is 396982470 a multiple of 231?
False
Is 2144256 a multiple of 768?
True
Does 147 divide 88926327?
True
Is 87807468 a multiple of 46?
True
Is 9 a factor of 507588246?
True
Is 90 a factor of 288218276?
False
Does 702 divide 1279022940?
True
Is 671 a factor of 1659278198?
False
Is 138415931 a multiple of 171?
False
Is 84 a factor of 1546006812?
True
Does 96 divide 73589344?
False
Is 82 a factor of 20186104?
True
Is 67 a factor of 1586725450?
False
Does 171 divide 23504634?
True
Is 2829969765 a multiple of 245?
True
Is 4615977871 a multiple of 6377?
False
Is 87 a factor of 62108422?
False
Is 57 a factor of 994246953?
True
Does 2 divide 10339219?
False
Is 326 a factor of 121367844?
True
Is 116 a factor of 3779744?
True
Is 198157091 a multiple of 63?
False
Is 635354280 a multiple of 120?
True
Is 199928304 a multiple of 4588?
False
Does 1172 divide 5097517?
False
Is 308938 a multiple of 2?
True
Is 15 a factor of 77502555?
True
Is 7 a factor of 266249970?
True
Is 220600253 a multiple of 37?
True
Does 4244 divide 952943516?
True
Is 14 a factor of 3317269214?
True
Does 519 divide 332519667?
True
Does 294 divide 153302772?
True
Does 384 divide 4957824?
True
Is 17265391 a multiple of 832?
False
Does 71 divide 771647992?
False
Does 298 divide 78827589?
False
Is 89 a factor of 94626135?
True
Is 283201983 a multiple of 349?
True
Does 2 divide 885349?
False
Is 59760 a multiple of 5?
True
Does 310 divide 614630535?
False
Is 1243 a factor of 88451880?
True
Is 176 a factor of 1046505352?
False
Is 7827 a factor of 351087912?
True
Is 21 a factor of 1780296203?
False
Does 366 divide 1188465626?
False
Is 18 a factor of 29275668?
True
Does 622 divide 157841208?
True
Is 302698043 a multiple of 61?
True
Is 308688370 a multiple of 740?
False
Does 9 divide 18648089?
False
Does 53 divide 3310744?
False
Is 20 a factor of 3162646636?
False
Does 24 divide 5205216?
True
Does 32 divide 791204761?
False
Is 1361963700 a multiple of 5276?
False
Does 2214 divide 388690054?
False
Is 47537600 a multiple of 1850?
True
Does 1482 divide 696540?
True
Is 1558 a factor of 4865?
False
Is 1236 a factor of 1628049312?
True
Does 123 divide 127010601?
False
Is 121 a factor of 869484120?
False
Does 37 divide 427189198?
True
Is 389 a factor of 5565951997?
False
Does 16 divide 940726576?
True
Does 57 divide 27084428?
False
Is 450713589 a multiple of 3732?
False
Is 989 a factor of 43425028?
False
Is 22104012 a multiple of 68?
True
Does 4 divide 2516880?
True
Is 57336426 a multiple of 126?
True
Is 1872 a factor of 519642864?
True
Does 368 divide 241803968?
True
Is 57 a factor of 213279979?
False
Is 4106 a factor of 42743460?
True
Does 202 divide 9889953?
False
Does 92 divide 93968800?
True
Is 376642017 a multiple of 59?
True
Is 293 a factor of 205883336?
False
Does 2572 divide 14423776?
True
Is 3246 a factor of 391050332?
False
Is 662 a factor of 42134976?
True
Is 461 a factor of 790285385?
True
Is 456008644 a multiple of 754?
True
Is 5 a factor of 50267394?
False
Does 1031 divide 2353419?
False
Is 111000957 a multiple of 227?
True
Does 11 divide 5636015?
True
Is 2914289 a multiple of 2?
False
Does 53 divide 4379065?
False
Is 28685083 a multiple of 841?
False
Is 757 a factor of 1277247134?
False
Is 49743111 a multiple of 33?
True
Does 49 divide 77718851?
True
Is 445454400 a multiple of 5150?
True
Is 7696 a factor of 1045809800?
False
Is 1407 a factor of 174849297?
True
Does 9 divide 3239820?
True
Is 7 a factor of 25230443?
True
Does 1309 divide 688524167?
False
Is 12105040 a multiple of 16?
True
Is 259 a factor of 114822177?
False
Is 64557911 a multiple of 11?
True
Is 10 a factor of 16188210?
True
Is 1080 a factor of 2222741520?
True
Does 386 divide 276618408?
True
Does 179 divide 1913111661?
False
Is 8507795 a multiple of 31?
True
Is 663 a factor of 3078268557?
True
Does 26 divide 206041750?
False
Does 640 divide 1389218237?
False
Is 13 a factor of 116743019?
False
Is 14 a factor of 40537700?
True
Is 884 a factor of 187503821?
False
Is 1429803168 a multiple of 3144?
True
Is 15 a factor of 1292534125?
False
Is 5018712 a multiple of 1896?
True
Is 3943100 a multiple of 175?
True
Is 48 a factor of 428278464?
True
Does 196 divide 161689726?
False
Is 14319791 a multiple of 557?
False
Is 177000810 even?
True
Does 61 divide 2321566?
False
Does 368 divide 64884691?
False
Does 1911 divide 50005665?
False
Is 590714714 a multiple of 3842?
False
Is 54 a factor of 1857312?
False
Is 6734145 a multiple of 10?
False
Does 14 divide 2583872085?
False
Is 546627975 a multiple of 4?
False
Is 15 a factor of 14033070?
True
Does 217 divide 959136745?
True
Is 87 a factor of 921646149?
False
Is 978803293 a multiple of 166?
False
Is 26 a factor of 186448808?
True
Is 3585264634 a multiple of 1403?
False
Is 142 a factor of 203542270?
False
Is 21 a factor of 467240316?
False
Is 191 a factor of 90899574?
True
Is 12 a factor of 7985700?
True
Is 2628699 a multiple of 2?
False
Is 195505878 a multiple of 174?
True
Is 12700836 a multiple of 317?
False
Is 16 a factor of 30133863?
False
Does 10428 divide 2832893679?
False
Does 678 divide 12288719?
False
Does 778 divide 1082765162?
True
Is 2 a factor of 20818353?
False
Does 613 divide 47082691?
True
Is 1172912866 a multiple of 851?
False
Is 655917792 a multiple of 9758?
False
Is 41 a factor of 77064487?
False
Does 38 divide 45662852?
True
Does 98 divide 197213240?
True
Is 717488576 a multiple of 224?
True
Does 22 divide 48274169?
False
Is 1714 a factor of 286346698?
False
Is 609035911 a m